 u(5).
119
Let m(w) = 43*w**2 - 878*w - 6257. Determine m(26).
-17
Let m(p) = -2*p**2 + 28054*p + 6066245. Calculate m(-213).
5
Let l(x) = -91*x**2 - 363*x - 42. What is l(-4)?
-46
Let c(m) = -3*m**2 + 149*m - 299. Determine c(2).
-13
Let h(k) = 319*k + 314. Calculate h(-1).
-5
Let c(r) = -2*r**3 - 23*r**2 + 753*r + 8903. What is c(-12)?
11
Let j(c) = 256529*c - 31296535. Calculate j(122).
3
Let l(w) = -2*w**2 - 1742*w - 173912. What is l(-115)?
-32
Let m(d) = 1522*d**2 + 22833*d - 1. Determine m(-15).
-46
Let c(w) = -608105*w - 4864832. What is c(-8)?
8
Let q(y) = y**3 - 164*y**2 + 3447*y + 3681. Calculate q(139).
-211
Let c(m) = -2*m**2 - 80*m - 311. Determine c(-49).
-1193
Let u(v) = 59*v**2 - 254*v + 75. Give u(4).
3
Let z(x) = -x**2 + 15*x + 298. What is z(25)?
48
Let z(j) = 2*j**3 + 170*j**2 - 133*j + 3517. What is z(-86)?
163
Let k(v) = v**3 - 47*v**2 - 739*v + 411. What is k(59)?
-1418
Let q(r) = -60*r**2 + 3700*r - 43838. Calculate q(16).
2
Let v(a) = -a**2 - 351*a + 10297. What is v(27)?
91
Let o(w) = -w**2 - 111*w + 1290. Give o(-123).
-186
Let g(t) = -4*t**3 - 15*t**2 + 515*t + 2631. Give g(-5).
181
Let k(o) = -o**3 + 26*o**2 + 932*o - 67. Calculate k(-20).
-307
Let x(g) = -g**3 - 123*g**2 - 3761*g - 37. Give x(-66).
-103
Let p(u) = 2*u**3 - 2435*u**2 - 40748*u + 32087. Calculate p(1234).
3
Let s(j) = -21*j**3 - j**2 + 137*j + 470. Calculate s(-4).
1250
Let w(n) = -8205*n + 49228. Determine w(6).
-2
Let u(g) = -5381*g + 269011. Give u(50).
-39
Let b(i) = -623*i - 1994. What is b(-2)?
-748
Let w(m) = 28*m**2 + 430*m + 1515. Determine w(-10).
15
Let x(d) = 67*d**2 - 418*d + 32. Give x(6).
-64
Let u(w) = w**2 - 307*w + 23516. Determine u(130).
506
Let p(o) = o**3 + 33*o**2 - 54*o - 241. Give p(-34).
439
Let d(s) = -s**2 + s + 1049. What is d(-34)?
-141
Let g(c) = 330*c - 53008. What is g(160)?
-208
Let c(i) = 12*i**2 - 1776*i + 5330. What is c(3)?
110
Let k(t) = -t**3 - 94*t**2 + 817*t - 1117. Calculate k(-102).
-1219
Let j(w) = -20*w**2 - 59*w - 232. What is j(-7)?
-799
Let x(i) = -8583*i + 1510671. Determine x(176).
63
Let z(w) = -727*w - 48060. What is z(-66)?
-78
Let b(x) = -47*x**2 - 663*x - 1704. What is b(-17)?
-4016
Let w(x) = -6548*x - 805418. What is w(-123)?
-14
Let q(v) = -3*v**2 + 808*v + 133607. Calculate q(385).
12
Let y(z) = -z**3 - 121*z**2 - 42*z - 5078. What is y(-121)?
4
Let x(v) = -388657*v - 1165968. Give x(-3).
3
Let w(p) = p**3 + 135*p**2 + 4229*p - 1387. Calculate w(-50).
-337
Let o(c) = -c**3 - 78*c**2 - 361*c + 631. What is o(-73)?
339
Let w(k) = 13961*k + 586367. Give w(-42).
5
Let t(s) = -s**2 + 103*s - 2520. Calculate t(34).
-174
Let f(s) = 1015*s**2 - 8*s + 1. What is f(-1)?
1024
Let r(y) = 31*y**2 - 327*y - 1333. Give r(-4).
471
Let b(n) = 2390*n**2 - 52591*n + 60. Calculate b(22).
-182
Let b(g) = -3535*g - 102519. What is b(-29)?
-4
Let y(j) = -j**3 + 480*j**2 - 7886*j + 6905. Give y(463).
-40
Let y(v) = -10*v**3 - 3112*v**2 + 2511*v + 4670. What is y(-312)?
-10
Let p(d) = 75*d**3 + 3526*d**2 + 44*d - 201. Give p(-47).
-60
Let i(n) = -n**2 - 200*n + 2837. Calculate i(-213).
68
Let y(z) = 311*z**2 - 6422*z + 4031. Calculate y(20).
-9
Let b(l) = -5*l**2 - 44*l - 127. Calculate b(-15).
-592
Let x(n) = -739*n - 45860. What is x(-62)?
-42
Let d(y) = 5*y**2 + 321*y + 269. What is d(-57)?
-1783
Let g(t) = 18*t**2 + 95*t - 156. Give g(-8).
236
Let i(v) = -18035*v - 72264. Determine i(-4).
-124
Let m(x) = 217*x**2 - 1148*x - 1370. Give m(-1).
-5
Let j(d) = 2*d**2 - 121*d + 277. What is j(23)?
-1448
Let l(g) = 401*g**2 - 3084*g - 35412. Determine l(14).
8
Let t(n) = 2*n**3 - 40*n**2 + 32*n + 30. Give t(0).
30
Let o(n) = -1884*n + 851723. What is o(452)?
155
Let a(r) = r**2 + 94*r + 1046. Give a(-78).
-202
Let h(q) = 98*q**3 + 3919*q**2 - 43*q - 127. Calculate h(-40).
-7
Let q(u) = 49*u**2 + 8808*u - 11030. Determine q(-181).
11
Let t(y) = -16069*y + 47843. Calculate t(3).
-364
Let g(q) = -2*q**3 - 27*q**2 - 1779*q - 22972. Give g(-13).
-14
Let q(j) = j**3 - 136*j**2 - 388*j - 3928. Give q(139).
103
Let b(x) = -3*x**2 + 7334*x + 58867. What is b(-8)?
3
Let h(s) = -159794*s + 1597902. Determine h(10).
-38
Let n(g) = 8*g**3 + 768*g**2 - 28*g - 2702. Determine n(-96).
-14
Let v(h) = 107*h**2 + 3055*h + 1384. Determine v(-28).
-268
Let b(v) = 27*v**2 - 454*v + 452. What is b(1)?
25
Let f(z) = 9*z**3 + 105*z**2 + 62*z - 9. Determine f(-11).
35
Let q(t) = 112*t**2 + 9830*t - 2261. What is q(-88)?
27
Let n(j) = -20*j**3 + 2*j + 310. Give n(0).
310
Let g(u) = -111*u - 12486. What is g(-101)?
-1275
Let q(s) = -3*s**3 + 407*s**2 - 1203*s + 18441. Calculate q(133).
-46
Let x(p) = -17*p**2 - 931*p + 159. What is x(-55)?
-61
Let i(p) = -10524*p - 221012. What is i(-21)?
-8
Let x(z) = -61*z + 4837. Give x(80).
-43
Let n(z) = z**3 - 33*z**2 - 252*z + 10365. Determine n(20).
125
Let p(x) = 2*x**3 - 41*x**2 + 3467*x - 73243. What is p(21)?
5
Let w(a) = -144054*a + 277. Calculate w(0).
277
Let m(b) = 6*b**3 - 172*b**2 - 136*b + 2184. Determine m(29).
-78
Let x(q) = -2430*q - 19646. What is x(-8)?
-206
Let t(j) = -1883*j - 114964. Determine t(-61).
-101
Let v(u) = -20*u**3 - 14*u**2 - 5*u + 4. Determine v(1).
-35
Let j(u) = 3261*u + 955485. Give j(-293).
12
Let s(y) = 108*y + 398. Give s(-19).
-1654
Let k(z) = z**2 + 92*z + 145. What is k(-94)?
333
Let p(y) = -147*y**2 - 4111*y + 24. Determine p(-28).
-116
Let a(b) = 2*b**3 - 239*b**2 + 3513*b - 465. Determine a(17).
11
Let w(c) = -236*c**3 + 5*c**2 + 2190*c + 4377. Give w(-2).
1905
Let z(r) = 4*r**2 + 642*r + 8884. Give z(-14).
680
Let k(f) = -17*f**3 + 1119*f**2 - 27*f + 14854. Give k(66).
4
Let a(d) = -72005*d - 720044. Give a(-10).
6
Let g(u) = 11*u**3 - 134*u**2 - 99*u + 1474. Give g(12).
-2
Let k(s) = -56293*s - 6304804. Give k(-112).
12
Let f(h) = h**3 + 55*h**2 + 354*h + 80. What is f(-9)?
620
Let c(i) = 24565*i - 1179114. Give c(48).
6
Let c(m) = -2*m**3 + 11*m**2 + 564*m - 2896. Give c(5).
-51
Let g(c) = -c**2 - 198*c - 7495. Determine g(-147).
2
Let p(g) = -g**3 + 11*g**2 + 387*g + 2. Determine p(-16).
722
Let f(g) = g**2 - 2922*g + 389501. What is f(140)?
21
Let w(z) = -2*z**2 - 5352*z + 2. What is w(0)?
2
Let m(w) = -108*w**2 - 508*w - 284. Determine m(-4).
20
Let z(r) = 38587*r - 655868. Calculate z(17).
111
Let d(k) = 232*k - 120462. Calculate d(520).
178
Let q(v) = v**3 + 277*v**2 - 14871*v - 4208. Calculate q(-323).
-9
Let i(m) = 146*m - 17996. Give i(118).
-768
Let d(o) = -945*o + 38756. What is d(41)?
11
Let o(f) = -f**2 + 1107*f + 30780. Determine o(-27).
162
Let k(l) = -4820*l**2 + 226541*l - 43. What is k(47)?
4
Let t(n) = n**2 + 1858*n + 37210. Determine t(-20).
450
Let p(r) = 114*r**2 - 12088*r + 301. Calculate p(106).
-123
Let p(f) = -169*f - 6307. Determine p(-39).
284
Let w(l) = -1203*l + 24974. Calculate w(20).
914
Let b(n) = 46716*n + 280291. Determine b(-6).
-5
Let v(z) = -361*z**2 + 224544*z - 1244. Give v(622).
0
Let n(x) = -x**3 - 91*x**2 + 370*x - 216. Calculate n(-95).
734
Let k(n) = -270105*n + 4321674. Determine k(16).
-6
Let a(k) = 28724*k + 1809617. What is a(-63)?
5
Let y(m) = -3*m**2 - 38*m + 1930. What is y(-28)?
642
Let l(h) = -2*h**3 + 7*h**2 + 323*h + 1376. Determine l(-9).
494
Let b(h) = -3*h + 228. What is b(-23)?
297
Let x(j) = 3*j**2 - 13880*j - 97259. What is x(-7)?
48
Let f(o) = o**3 + 92*o**2 + 326*o + 5268. Determine f(-89).
17
Let y(a) = -2*a**3 - 284*a**2 - 794*a + 121. Calculate y(-3).
1
Let v(j) = 86325*j - 1381191. Calculate v(16).
9
Let l(q) = -2*q**3 - 29*q**2 + 9*q + 627. Give l(-13).
3
Let f(p) = p**3 + 25*p**2 + 103*p - 203. What is f(-21)?
-602
Let p(t) = 3*t**2 - 542*t - 17752. What is p(209)?
13
Let q(u) = -2*u**3 - 100*u**2 - 288*u - 14289. Give q(-50).
111
Let k(i) = 1039*i**2 - 1930*i - 334. What is k(2)?
-38
Let t(l) = l**2 - 59545*l + 357270. What is t(6)?
36
Let w(i) = 200*i + 322. What is w(-9)?
-1478
Let p(i) = i**3 - 298*i**2 - 1016*i + 33949. What is p(301)?
-64
Let v(x) = 102035*x + 612229. What is v(-6)?
19
Let g(w) = 3*w**3 - 1180*w**2 + 241*w + 59788. Calculate g(393).
52
Let h(f) = 943*f - 8806. Give h(9).
-319
Let o(s) = -3*s**2 + 668*s - 6784. Determine o(212).
0
Let p(r) = -r**2 - 3688*r + 1149365. What is p(289)?
12
Let z(n) = 3*n**3 + 80*n**2 - 16*n + 277. Determine z(-27).
-20
Let a(k) = 2*k